{"id":5845,"date":"2022-11-30T14:18:42","date_gmt":"2022-11-30T14:18:42","guid":{"rendered":"https:\/\/the7.io\/cbd\/?post_type=product&#038;p=5845"},"modified":"2023-05-08T15:44:40","modified_gmt":"2023-05-08T13:44:40","slug":"product007","status":"publish","type":"product","link":"http:\/\/parafia.realizacjewww.pl\/?product=product007","title":{"rendered":"Piszcza\u0142ki 1"},"content":{"rendered":"","protected":false},"excerpt":{"rendered":"<p>Zosta\u0144 fundatorem piszcza\u0142ki w nowych organach piszcza\u0142kowych.<\/p>\n<p>Szczeg\u00f3\u0142owy opis instrumentu znajdziesz w zak\u0142adce organy.<\/p>\n<p>Mo\u017cesz pom\u00f3c zebra\u0107 \u015brodki finansowe na budow\u0119 organ\u00f3w zostaj\u0105c fundatorem poszczeg\u00f3lnych piszcza\u0142ek.<br \/>\nDo wyboru s\u0105 r\u00f3\u017cne rodzaje piszcza\u0142ek w zale\u017cno\u015bci od wielko\u015bci.<\/p>\n<p>Wst\u0119pny kosztorys oraz nazwy piszcza\u0142ek w za\u0142\u0105czonej tabelce.<\/p>\n","protected":false},"featured_media":8248,"comment_status":"open","ping_status":"closed","template":"","meta":[],"product_cat":[15],"product_tag":[],"class_list":{"0":"post-5845","1":"product","2":"type-product","3":"status-publish","4":"has-post-thumbnail","6":"product_cat-uncategorized","8":"first","9":"instock","10":"featured","11":"shipping-taxable","12":"purchasable","13":"product-type-simple"},"_links":{"self":[{"href":"http:\/\/parafia.realizacjewww.pl\/index.php?rest_route=\/wp\/v3\/product\/5845","targetHints":{"allow":["GET"]}}],"collection":[{"href":"http:\/\/parafia.realizacjewww.pl\/index.php?rest_route=\/wp\/v3\/product"}],"about":[{"href":"http:\/\/parafia.realizacjewww.pl\/index.php?rest_route=\/wp\/v2\/types\/product"}],"replies":[{"embeddable":true,"href":"http:\/\/parafia.realizacjewww.pl\/index.php?rest_route=%2Fwp%2Fv2%2Fcomments&post=5845"}],"version-history":[{"count":4,"href":"http:\/\/parafia.realizacjewww.pl\/index.php?rest_route=\/wp\/v3\/product\/5845\/revisions"}],"predecessor-version":[{"id":8252,"href":"http:\/\/parafia.realizacjewww.pl\/index.php?rest_route=\/wp\/v3\/product\/5845\/revisions\/8252"}],"wp:featuredmedia":[{"embeddable":true,"href":"http:\/\/parafia.realizacjewww.pl\/index.php?rest_route=\/wp\/v2\/media\/8248"}],"wp:attachment":[{"href":"http:\/\/parafia.realizacjewww.pl\/index.php?rest_route=%2Fwp%2Fv2%2Fmedia&parent=5845"}],"wp:term":[{"taxonomy":"product_cat","embeddable":true,"href":"http:\/\/parafia.realizacjewww.pl\/index.php?rest_route=%2Fwp%2Fv2%2Fproduct_cat&post=5845"},{"taxonomy":"product_tag","embeddable":true,"href":"http:\/\/parafia.realizacjewww.pl\/index.php?rest_route=%2Fwp%2Fv2%2Fproduct_tag&post=5845"}],"curies":[{"name":"wp","href":"https:\/\/api.w.org\/{rel}","templated":true}]}}